0 = 6*c - x. Is c a composite number?
True
Suppose 75720 = 11*y + 13*y. Let s = 786 + -1888. Let p = s + y. Is p a prime number?
True
Suppose 2*o = r + 17418, r + 12805 = o + 4094. Is o a composite number?
False
Let h(o) = 43184*o + 7569. Is h(22) prime?
False
Let b(p) = 319*p**2 - 4*p + 11. Let k be (-54)/(-15) + (-4)/(-10). Is b(k) prime?
True
Let n = 271049 - 177366. Is n prime?
True
Let g(r) = 348*r - 23. Let n = 1 + 20. Suppose 0 = 5*a - n + 1. Is g(a) composite?
True
Let t(m) = 8*m**2 + 3*m - 3. Let f be t(-6). Suppose -2*n + 0*y = -5*y - 865, 4*n = -5*y + 1775. Let p = n + f. Is p a composite number?
True
Suppose 0 = 3*v + 2*j + 6, -9 = -0*j + 3*j. Suppose v = 2*n - 1 + 19. Is (-2 + 2004/n)/((-4)/6) prime?
True
Suppose -33*h + 12386559 = 13*h - 19356983. Is h prime?
False
Suppose -l = -1, -5*l = 65*r - 60*r - 229050. Is r prime?
False
Let a(v) = 15*v**2 - 6*v + 15. Let f be a(-6). Is (0/(-1) - -1) + f + -1 a prime number?
False
Suppose 8*t + 30 - 126 = 0. Suppose -t*d + 47129 = -95635. Is d a composite number?
False
Let b be 2 + -4 + 4 + 666. Suppose -b + 192 = i. Let z = -202 - i. Is z composite?
True
Let c(k) = k**3 + 26*k**2 + 26*k + 56. Let f be c(-25). Suppose i + 6 = f. Suppose -5*x - i = 0, -430 = -7*d + 5*d + 4*x. Is d a prime number?
False
Let i(j) = 2*j**3 + 8*j**2 - 3*j - 4. Suppose 4*z + 3*m = -28, -4*z + 9*m = 6*m + 4. Let f be i(z). Suppose 2517 - 13069 = -f*v. Is v a prime number?
True
Let i be 2*1 - (-2)/(-1). Let c be 0*10/(-60) + (2 - -1). Is (1256 - c)/(i + 1) prime?
False
Suppose -j + 3*z - 210 = 0, -3*j - j + 3*z = 804. Let m = 288 + j. Let t = 533 + m. Is t prime?
False
Let j be (24/(-60) + (-2)/(-5))/(-1). Suppose 4*b - 5*q = 39224, 4*b - 4*q + q - 39232 = j. Is b composite?
False
Let l be ((-1)/3)/((-16)/3408). Suppose -16*g + l*g - 1563595 = 0. Is g a prime number?
True
Suppose 54*v + 8946 = 36*v. Let j = v + 4110. Is j prime?
True
Let z = -29752 + 157389. Is z a composite number?
False
Let o(z) = 12*z - 79. Let v be o(7). Suppose -v*d + h + 13502 = 0, -7*d + 2*d - 5*h = -13520. Is d composite?
True
Suppose 145*m = 147*m + 6. Is m/(-2) - (-20488)/16 prime?
False
Let m(n) be the third derivative of -n**6/120 - n**5/4 - 7*n**4/8 - 19*n**3/6 - 47*n**2. Is m(-14) composite?
False
Suppose -83 = -10*j - 23. Suppose 3*k - 3113 = 4*m, 0 = -2*k + 2*m - j*m + 2082. Is k a prime number?
True
Let u(d) = 155668*d**2 - 69*d - 5. Is u(-2) prime?
False
Let n(q) = 6554*q**2 + 68*q + 331. Is n(-5) composite?
False
Suppose -99*o = -101*o + 202. Suppose -125*w + 801672 = -o*w. Is w prime?
True
Suppose -80064 = -3*q - 5*s - 11463, 12 = -2*s. Is q composite?
False
Suppose 0 = 3*k - 2*k + 4*h + 20637, -5*h + 82464 = -4*k. Let c = k + 29127. Let m = -1871 + c. Is m a composite number?
True
Let z(u) = -u**2 - 6*u + 27. Let p be z(-9). Suppose 5*i - 2*l - 8778 = p, -i + 1750 = -0*i + l. Is i a prime number?
False
Let p(o) = 37*o**3 - 41*o + o**2 + 83*o - 43*o. Let k(t) = t**2 - 6*t + 1. Let l be k(6). Is p(l) a prime number?
True
Let c(a) = 2398*a**2 + 126*a - 17. Is c(-10) a prime number?
False
Suppose 111*y = 87*y + 4497905 + 4456279. Is y prime?
True
Let b be 0/(-1)*20/(-40). Suppose -5*o + 5900 + 16055 = b. Is o prime?
True
Let h = 183 - 183. Suppose o - 1509 - 1289 = h. Is o prime?
False
Let w be (-3389)/2*(-57 - -7). Suppose 18*m - 43*m + w = 0. Is m composite?
False
Let b(i) = 16*i**2 - 179*i + 24. Let a be b(25). Suppose 13882 + a = 9*s. Is s composite?
True
Let j(d) = -2*d - 7389 - 27565 + 1359. Let y be j(0). Is y/(-10) - (-1)/(-2) a prime number?
True
Let b(d) = 10049*d - 30. Let t be b(3). Suppose -t = -4*g + 3931. Suppose -4*u = -2*l + 3270, 4*l - u - g = -1979. Is l a composite number?
True
Is 5/(-3) - (-8360716)/546 a composite number?
True
Let g = 35765 + -16968. Is g a composite number?
False
Let z(y) = 1 + 0 + 26*y**2 - 2 - y - 25*y**2. Let l be z(-2). Let b(p) = 59*p + 12. Is b(l) a prime number?
True
Let w(k) = 3*k + 2. Let s be w(4). Let n(d) = -1 + 1453*d**2 - 2 + 5*d + 7*d - 1448*d**2. Is n(s) a composite number?
True
Suppose 38 - 21 = -b - 4*a, -b - 9 = -4*a. Let t(r) = 5*r - 32. Let m(i) = i**2 - 9*i + 64. Let o(q) = 6*m(q) + 13*t(q). Is o(b) a composite number?
False
Is 20/(-8)*(-1)/15*2537814 composite?
False
Let v(m) = 1. Let o(r) = -2*r - 6. Let s(n) = -o(n) + 5*v(n). Let a be s(0). Suppose -a*u = -5*u - 4098. Is u composite?
False
Let x(b) = b**3 + 6*b**2 - 9*b + 1. Let o be x(-7). Let t = 1973 - 1069. Suppose -r + 0*r - 3*i = -t, -o = -5*i. Is r composite?
True
Let q(b) = 37*b + 143. Let h be q(-4). Is (18/135*h)/(4/(-10554)) prime?
True
Is (1498953/(-244))/(2/4*(-9)/12) a prime number?
False
Suppose 11*p = 5*m + 12*p + 8672, 5206 = -3*m - 2*p. Let h = 7931 + m. Is h composite?
False
Suppose 0 = 4*i - 12*i + 16. Let r be -5 + -1 + i + 6. Is (30/(-75))/(r*2/(-2020)) prime?
False
Suppose -37349 - 628713 = -5*n + u, -4*n + 532844 = 2*u. Let m be 8/(-14) + n/(-119). Let y = m + 1883. Is y a prime number?
False
Let i(p) = p**2 - p - 7. Let r be i(-3). Suppose r*d + 56 = d. Is ((-269)/(-4))/(d/(-56)) a composite number?
False
Suppose 8 = 2*j + 26. Is 0*(-3)/j + 18935/5 a composite number?
True
Let s be (-9 - (-115)/15)/((-4)/6). Suppose 9649 = 5*a + 3*v, -s*a + 1923 = -a + 4*v. Is a prime?
True
Let n(l) = l - 1 + 108*l**2 - 7*l**2 + 2. Suppose 18*g - 3*y + 15 = 16*g, -2*g - 9 = -y. Is n(g) a prime number?
True
Suppose -30 = -6*f + f. Suppose 36 = 5*q + f. Suppose s - q*s + 385 = 0. Is s a composite number?
True
Let f be (9/(-1))/(-3) + (0 - 8). Let n be -1*f/(-5)*(0 + 1). Let w(v) = -1842*v - 5. Is w(n) composite?
True
Let o = -13 - -427. Let b(j) = j**3 - 256 - 3*j + o - 2*j**2 + 429. Is b(0) prime?
True
Is -10977*13/(9 + -4 - 8) composite?
True
Let t be (-4 + 1 - -77)*(0 - 1). Suppose 0 = -0*q + 3*q - 1179. Let n = q - t. Is n a composite number?
False
Suppose 62*u = -19*u + 4708449. Is u a composite number?
False
Let j = -10 + 6. Let s be j*1 - (-1 + -621). Let g = -367 + s. Is g composite?
False
Is 342466*(20/(-4))/(-10) a composite number?
False
Let c = -42336 - -824215. Is c a prime number?
False
Let j be (-2 + (-68)/(-14))*308/88. Suppose j*s - 3828 = 7322. Is s a composite number?
True
Suppose -4*c = -2*c - 2, 3*y + 431 = -4*c. Let m = 142 + y. Let j(q) = -111*q**3 + 8*q**2 + 8*q - 4. Is j(m) composite?
False
Suppose 0 = 5*i - q + 85 - 559, i = -q + 90. Suppose -i*w = -101*w + 38129. Is w a prime number?
False
Let a be 1739 - (2 - 3/1). Let z = 1031 + 2346. Let g = z - a. Is g prime?
True
Is ((40976/39)/16)/((-1)/(-69)) composite?
True
Suppose 2*x + 14 = -5*x. Is (-1111)/x - (-81)/54 composite?
False
Let j = -15072 - -68065. Is j composite?
True
Is (-1962)/(-2616) + (-1537186)/16*-2 a prime number?
True
Let f be ((-4)/(-10) - 0)/(72/720). Is f + (-1108720)/(-56) + (-12)/21 composite?
True
Suppose 76*i + 888107 = 87*i. Is i a prime number?
True
Suppose -4*k + 377814 = 2*k. Is k prime?
True
Let i(k) = 203*k - 8. Let y(t) = -406*t + 16. Let o(s) = -5*i(s) - 3*y(s). Let z be o(-7). Let b = 3084 + z. Is b a prime number?
False
Let h(t) = -36*t + 506*t + 695*t - 152*t + 10. Is h(3) a composite number?
False
Let u(k) = 126*k**2 - 73*k - 737. Is u(-16) prime?
True
Is 263426/22 + 99/1089 composite?
True
Let d be 1/(2/2) + 18. Let y(k) be the third derivative of -k**5/60 + 5*k**4/6 + 43*k**3/6 + 35*k**2 + 15*k. Is y(d) a prime number?
False
Suppose -22*u + 257 + 733 = 0. Let z = -42 - u. Is 276/4*z/(-9) a prime number?
False
Let r(k) = 66*k**2 - 2*k - 7. Let j be r(4). Suppose -j = -2*p + 1333. Is p a composite number?
False
Let z(f) = -1185*f - 19. Let t = -155 + 151. Is z(t) a composite number?
False
Let g be 8/32 - ((-171)/36 - -1). Let w = -10433 + 16987. Is 1/2 + w/g prime?
False
Suppose 36*r = 40*r - 16. Suppose 3*l - r*l + 4 = 0, 4*z = l + 31168. Is z a composite number?
False
Suppose -64 = -3*z - 0*s - 5*s, -5*s + 38 = z. Let x be z/(1*(-5)/565). Is (2 + (-3)/3)/((-13)/x) a composite number?
False
Let k(i) = -i**3 - 5*i**2 + 4. Suppose 2*l = o - 4 - 5, 10 = -l - 5*o. Let p be k(l). Suppose 3*t - p*a - 6071 = 1994, 5*a - 5346 = -2*t. Is t prime?
True
Let r(n) = 26*n**2 - 45*n - 34. Let g be -3 + 1 + -3 + -6. Is r(g) a prime number?
True
Let d be (0 - -2) + 1 + -1. Let f(g) = 48*g + 471. Let t be f(4). S